*q - 62. What is the remainder when k(20) is divided by 22?
12
What is the remainder when (0 + (-392)/(-6))*(-2 + 5) is divided by 25?
21
Let y = -43 + 57. Let z(h) = 10*h**2 - 2*h - 3. Let m be z(-3). Suppose 72 = 3*i - m. Calculate the remainder when i is divided by y.
13
Suppose 45 + 19 = 16*k. Calculate the remainder when k is divided by 1.
0
Suppose 10 + 5 = 5*f. Suppose 0 = -2*b + b + 29. What is the remainder when f*-1 + 62 + 12/(-3) is divided by b?
26
Let j = -403 - -482. What is the remainder when j is divided by 10?
9
Let m be 1/2 + 30/4. Let c = 18 - m. What is the remainder when 19 is divided by c?
9
Suppose 2*i = 90 + 2. Let w = 88 - i. Calculate the remainder when w is divided by 15.
12
Let h = -1 - -6. Suppose -4*u - 10 = u + h*v, -18 = u + 5*v. Suppose d + u - 6 = 0. Calculate the remainder when 6 is divided by d.
2
Suppose v - 4 - 385 = 0. What is the remainder when v is divided by 13?
12
Suppose -94 = -5*x + 5*z + 11, -2*x = -4*z - 46. What is the remainder when 36 is divided by x?
17
Let h(f) = f - 4. Let u be h(5). Suppose 2*g + 6 = -5*c - u, 3*g - 52 = 5*c. Calculate the remainder when g is divided by 5/(-2)*(-48)/20.
3
Calculate the remainder when 121 is divided by (54/135)/((-4)/(-620)).
59
Let l = 358 - 234. Let b = l - 108. Calculate the remainder when 95 is divided by b.
15
Suppose -5*c + 18 = -2. Let s(u) = -u**2 - 12*u - 12. Let f(k) = -k**3 - 7*k**2 - 5*k - 3. Let m be f(-6). Calculate the remainder when s(m) is divided by c.
3
Let v be 62/(-2)*(-9 - -6). Let a = 104 - v. Calculate the remainder when 50 is divided by a.
6
Suppose -14*m + 119 = -91. Calculate the remainder when m is divided by 12.
3
Suppose 2*g = 3*c + 153, -5*c - 13 - 60 = -g. Suppose 3 = -5*b - 2, -3*b = -5*j + g. What is the remainder when 58 is divided by j?
13
Let u be 160/50*(12 + -2) - 2. Calculate the remainder when ((-5)/u - 0) + 757/6 is divided by 16.
14
Let p(r) = -3*r + 9. What is the remainder when p(-2) is divided by 8?
7
Let t = -202 + 228. What is the remainder when t is divided by 19?
7
Suppose 0*w = -4*w + 104. Suppose -2*q + 36 = 5*b, -3*b - 2*q = -3*q - w. Suppose 3*o - 11 - 4 = 0. What is the remainder when b is divided by o?
3
Let g(x) = -x**3 - 3*x**2 + 3*x + 13. What is the remainder when 64 is divided by g(-4)?
13
Let g(c) = 6*c - 7*c**2 + 11*c**2 - 3 - 5 - 3. What is the remainder when g(2) is divided by 9?
8
Let i(f) = -17*f + 15*f + 7*f**2 + 0*f**3 - 8 + f**3. Suppose 4*n + 36 = -4*p, -2*p + 6 - 26 = 3*n. Calculate the remainder when 23 is divided by i(p).
5
Suppose 0 = -9*j - 233 + 1169. Let u(l) = 2*l**2 - 4*l - 9. Calculate the remainder when j is divided by u(5).
20
Suppose -105 = -7*w + 49. What is the remainder when w is divided by 2?
0
Let t(u) = 10*u - 35. What is the remainder when 281 is divided by t(5)?
11
Let m(s) = -2*s**3 + 16*s**2 + 12*s + 15. Calculate the remainder when m(7) is divided by 51.
44
Let r be ((-1)/(-4))/(6/5352). Calculate the remainder when r/2 - 8/16 is divided by 57.
54
Let c be (-2*(-70)/8)/(9/1008). Suppose y - 7 = -2*z, y = -4*y + 3*z + 87. What is the remainder when 2/(-9) + c/72 is divided by y?
12
Suppose -11*j + 16*j - 105 = 0. What is the remainder when 35 is divided by j?
14
Let z(w) = -5*w - 15. What is the remainder when z(-26) is divided by 36?
7
Let p(u) = u**3 + 13*u**2 + 11*u - 9. Let t be (-5)/(-2)*(-2)/(-1). Suppose -t = -w + 5. What is the remainder when w is divided by p(-12)?
1
Let v be (-7 + -1)*1/(-4). Suppose 4*j - 414 = v*m - 66, -j = -m - 87. Calculate the remainder when j is divided by 44.
43
Suppose -219 = -27*t + 24*t. Suppose -t*b + 71*b + 238 = 0. What is the remainder when b is divided by 15?
14
Let d = -83 + 124. Calculate the remainder when -2 - 5/(10/(-164)) is divided by d.
39
Let d = -657 + 667. Let a(g) = g**3 - 55. Let x(t) = -1. Let u(q) = -a(q) + 6*x(q). What is the remainder when u(0) is divided by d?
9
Suppose -1639*t + 122 = -1637*t. What is the remainder when 127 is divided by t?
5
Let s be (-102)/(-21) + 1/7. Suppose -2*m + 62 = -u, -s*u + 93 = 2*m + m. Let o = m + -19. Calculate the remainder when 45 is divided by o.
9
Suppose v = 3 + 12. Let n = 24 + -22. Suppose 5*l = 3*s - 106, -n*s + 17 = l - 71. Calculate the remainder when s is divided by v.
12
Suppose 14*a = -3*a + 5100. Calculate the remainder when a is divided by 103.
94
Let s(r) = r + 29. Let c(o) be the first derivative of o**2/2 + 4*o - 1. Let f be c(-4). What is the remainder when s(f) is divided by 8?
5
Suppose q - 22 = -v, -5*q = -2*v - 0*q + 37. Let w(d) = -d**2 - 6*d + 2. What is the remainder when v is divided by w(-3)?
10
Let b = 93 + -72. Let y(f) = 2*f**2 + 7*f - 4. Let j = 12 - 7. Calculate the remainder when y(j) is divided by b.
18
Suppose 25*r = 19*r + 90. Calculate the remainder when 28 is divided by r.
13
Suppose 2*z - 87 = -3*r + 11, -4*r - 199 = -5*z. What is the remainder when 298 is divided by z?
40
Let s(b) = -3*b**3 - 2*b**2 - 3*b + 6. Let y(k) = 4*k**3 + 3*k**2 + 3*k - 7. Let u(m) = -3*s(m) - 2*y(m). Calculate the remainder when 17 is divided by u(2).
7
What is the remainder when ((-545)/10)/(23/(-92)) is divided by 66?
20
Suppose -5*t = -5*k + 40 + 770, 0 = -2*k + t + 327. What is the remainder when k is divided by 67?
31
Let h(w) = -31*w**3 + 2*w**2 + 2*w - 10. What is the remainder when h(-2) is divided by 65?
47
Let q = 54 - -22. Calculate the remainder when q is divided by (390/(-150))/((-1)/5).
11
Let v(w) = 7*w - 22. Let b be v(9). Let m = b + -19. What is the remainder when m is divided by 6?
4
Let a = 50 + -87. Let p be (a - 2)/((-3)/2). Suppose -2*t - 26 = -4*m + 26, p = 2*m + 3*t. What is the remainder when 38 is divided by m?
12
Suppose 0 = 2*l - 107 + 7. Calculate the remainder when 1198 is divided by l.
48
Let w = -477 + 490. Calculate the remainder when 62 is divided by w.
10
Let g be 9/((-81)/(-24)) - (-1)/3. Suppose 37 = g*j - 5. Calculate the remainder when j is divided by 3.
2
Suppose o = -0 + 4. Calculate the remainder when (-6)/o*490/(-15) is divided by (-23)/(-69) + 14/(-6) + 27.
24
Let k = -8 - -16. Suppose -4*j = -16 - k. Suppose -r = 2*r - 5*w - 56, 0 = -2*r - 5*w + 54. Calculate the remainder when r is divided by j.
4
Let v(c) = c**3 - 2*c. Let d be v(2). Suppose 2*f + 7*o - 6 = 3*o, 3*f - 59 = d*o. Calculate the remainder when f is divided by 8.
5
Let n(c) = -c + 35. Calculate the remainder when n(16) is divided by 2.
1
Suppose 0 = -2*a + 5*s + 64, 7 = 4*s + 15. What is the remainder when 1052 is divided by a?
26
Suppose -4 = 2*q - 3*q - w, -q + 3*w = -20. Calculate the remainder when 76 is divided by q.
4
Suppose 3*p - p + 22 = 0. Let s = -7 - p. Suppose 4*t + 116 = 4*c, 96 = s*c - 2*t - 24. Calculate the remainder when 121 is divided by c.
28
Let f = -1068 - -1078. Let y = -3 - -9. Calculate the remainder when (-76)/y*-1*3 is divided by f.
8
Suppose 21*h = 35*h - 14770. Calculate the remainder when h is divided by 16.
15
Let x(l) = -20*l**2 + 116*l - 1. Calculate the remainder when x(4) is divided by 29.
27
Let h(x) = -x**2 + 17*x - 18. Calculate the remainder when h(6) is divided by 17.
14
Let q = 16 + 1. Let m(v) = v**3 + 10*v**2 + 7*v - 5. Calculate the remainder when m(-8) is divided by q.
16
Suppose 2*c - 18 = -c. Let o be -4*8/c*3. Let l = 0 - o. What is the remainder when 46 is divided by l?
14
Let v(q) = q - 6. Let y be v(8). Suppose 6 + 0 = y*k. Suppose -k*x + 131 - 35 = 0. Calculate the remainder when x is divided by 11.
10
Suppose 3*h - p - 9 = 0, -h - p = 3*h - 19. Suppose -h*x - 3*n = -24, 3*x + 0*x - 5*n = 18. Let s(m) = 3*m + 4. What is the remainder when s(6) is divided by x?
4
Suppose -2*u = 3*r + 15 - 62, -3*r = -4*u + 67. Calculate the remainder when ((-22)/(-2))/((-3555)/255 - -14) is divided by u.
16
Suppose -4*g - 3*k = -2573, -344 + 2279 = 3*g - 3*k. What is the remainder when g is divided by 43?
42
Let c be 14 - 2/(0 - 2). Suppose -16*o = -17*o + c. Calculate the remainder when 68 is divided by o.
8
What is the remainder when 85 is divided by 76 + -2 - ((11 - -5) + -16)?
11
Let p = -2 + -1. Let u be 2*p/2*-7. Suppose -u = -0*f - 3*f. Calculate the remainder when 12 is divided by f.
5
Let s(b) = -4*b**2 - 8*b + 27. Suppose -3*i = 2*i - 535. What is the remainder when i is divided by s(0)?
26
Suppose v +